r?
True
Is 138405493 prime?
False
Is 48533599 composite?
False
Is 2370947 composite?
False
Is 25645613 prime?
False
Is 942607 a composite number?
False
Is 52986557 a composite number?
True
Is 74998127 prime?
False
Is 6425723 composite?
True
Is 48427541 a composite number?
True
Is 37782961 composite?
False
Is 9786089 prime?
True
Is 195143381 a composite number?
True
Is 7982113 a prime number?
False
Is 923773 a prime number?
True
Is 108433709 a prime number?
False
Is 2403859 a composite number?
False
Is 52364933 prime?
True
Is 3268831 composite?
False
Is 9343909 a prime number?
True
Is 70316611 a prime number?
True
Is 173457161 composite?
True
Is 14281145 prime?
False
Is 4154497 prime?
True
Is 2532067 a prime number?
True
Is 18072679 a composite number?
False
Is 1081316047 a composite number?
True
Is 1684751 prime?
False
Is 474678779 composite?
False
Is 2498019 prime?
False
Is 272572901 a prime number?
True
Is 14713763 prime?
False
Is 575583413 prime?
True
Is 42488749 a prime number?
True
Is 123755081 a prime number?
True
Is 45956341 a prime number?
True
Is 16253737 a composite number?
True
Is 2001673 a prime number?
True
Is 59281433 a composite number?
False
Is 1346109 a composite number?
True
Is 61099823 a composite number?
True
Is 324277397 prime?
False
Is 16253726 prime?
False
Is 16761386 composite?
True
Is 1911252355 prime?
False
Is 5874041 a prime number?
True
Is 8881181 a prime number?
False
Is 15788441 a prime number?
False
Is 132628583 prime?
True
Is 23782057 a prime number?
False
Is 12730673 prime?
True
Is 424396307 composite?
True
Is 14235973 prime?
False
Is 1530803 composite?
False
Is 22998799 prime?
False
Is 327485645 a prime number?
False
Is 3286501 a prime number?
True
Is 4307557 prime?
True
Is 28750321 a prime number?
True
Is 52786663 composite?
False
Is 5727173 composite?
True
Is 144367141 prime?
True
Is 1928922239 a prime number?
True
Is 34010645 prime?
False
Is 1984673 composite?
True
Is 11802601 prime?
False
Is 250277 composite?
True
Is 59482 a prime number?
False
Is 519716653 a prime number?
True
Is 123719567 a prime number?
True
Is 208386691 prime?
True
Is 202112429 prime?
True
Is 108386593 a composite number?
True
Is 141719961 prime?
False
Is 51852371 a prime number?
False
Is 2273603 a composite number?
False
Is 2307731 a composite number?
True
Is 54029839 prime?
True
Is 66166271 a composite number?
True
Is 80373257 a composite number?
True
Is 91493 composite?
False
Is 8540951 a prime number?
False
Is 3781447 composite?
False
Is 1063081 prime?
False
Is 7042657 prime?
False
Is 1142595979 a prime number?
False
Is 9398986 a composite number?
True
Is 6286349 a prime number?
False
Is 274659317 a prime number?
True
Is 4234141 prime?
True
Is 9349559 a prime number?
True
Is 6961309 prime?
True
Is 83864701 composite?
True
Is 453116901 a composite number?
True
Is 10828051 prime?
False
Is 102338437 prime?
False
Is 908953 prime?
True
Is 109953958 composite?
True
Is 38872693 a prime number?
False
Is 13804693 composite?
True
Is 22958651 composite?
False
Is 94988389 prime?
False
Is 18324797 a composite number?
True
Is 48988171 prime?
True
Is 78992119 a prime number?
False
Is 3411787 a composite number?
False
Is 695122 a composite number?
True
Is 22170385 a prime number?
False
Is 149103173 a composite number?
True
Is 159878 composite?
True
Is 107686633 a composite number?
False
Is 33606127 a prime number?
False
Is 3795007 a prime number?
True
Is 505118 a prime number?
False
Is 15491561 a prime number?
False
Is 2059207 composite?
False
Is 8644049 a composite number?
False
Is 2464751 composite?
False
Is 57682831 a prime number?
True
Is 549937 a composite number?
False
Is 4127729 composite?
True
Is 455003 a composite number?
False
Is 29941789 a prime number?
False
Is 21028193 a composite number?
True
Is 8206469 a prime number?
False
Is 45262411 prime?
True
Is 149355121 a composite number?
False
Is 14834123 prime?
True
Is 1178415181 composite?
False
Is 4369147 a composite number?
False
Is 6506509 a composite number?
True
Is 13260601 a prime number?
True
Is 86571889 a prime number?
False
Is 38368307 a composite number?
False
Is 14496497 prime?
False
Is 82597447 composite?
False
Is 210412693 composite?
False
Is 314561651 a composite number?
False
Is 1686083 a composite number?
True
Is 31177 a prime number?
True
Is 550523 prime?
False
Is 12750593 prime?
False
Is 5021591 prime?
False
Is 14869655 a composite number?
True
Is 262352897 prime?
False
Is 88941193 composite?
True
Is 1943809 composite?
True
Is 5011681 prime?
False
Is 32022343 a prime number?
False
Is 6949967 prime?
True
Is 193163357 a composite number?
False
Is 102379 a prime number?
False
Is 2233189 a composite number?
True
Is 341254 a prime number?
False
Is 67811507 composite?
False
Is 424055171 a prime number?
True
Is 4212431 prime?
True
Is 320533261 a composite number?
True
Is 9756647 composite?
True
Is 1459391 composite?
True
Is 5010379 prime?
False
Is 1567681 a composite number?
True
Is 2938367 prime?
False
Is 365051 prime?
False
Is 28794739 a prime number?
True
Is 14714437 prime?
True
Is 9874999 a prime number?
True
Is 3278461 prime?
True
Is 478214393 composite?
True
Is 226091561 prime?
True
Is 33019346 a prime number?
False
Is 6633887 prime?
False
Is 829279 composite?
True
Is 721627 a composite number?
True
Is 189026 a composite number?
True
Is 744163685 prime?
False
Is 91244953 a prime number?
True
Is 6535219 composite?
False
Is 2148109 a prime number?
False
Is 25847357 a composite number?
True
Is 99886597 composite?
False
Is 421881 a prime number?
False
Is 17200219 composite?
True
Is 5277641 a composite number?
False
Is 1613867 prime?
True
Is 19212077 a composite number?
False
Is 11451709 a composite number?
False
Is 188665229 a composite number?
True
Is 173517247 a prime number?
True
Is 1743919 prime?
True
Is 60224327 composite?
True
Is 7949489 composite?
True
Is 1063679 prime?
False
Is 838711 composite?
False
Is 43431103 composite?
False
Is 313207439 prime?
False
Is 78525299 a prime number?
True
Is 6492029 a prime number?
True
Is 38401943 prime?
True
Is 179044993 composite?
False
Is 72399755 composite?
True
Is 137318 composite?
True
Is 11617687 a prime number?
True
Is 28383731 prime?
True
Is 128563277 a prime number?
True
Is 12136055 a composite number?
True
Is 90905813 a prime number?
True
Is 336119743 a prime number?
False
Is 29417153 a composite number?
False
Is 348650177 a prime number?
False
Is 1925668705 a prime number?
False
Is 5642723 a composite number?
True
Is 266187577 a composite number?
True
Is 24815777 composite?
True
Is 447817991 prime?
True
Is 3112609 a composite number?
False
Is 31315981 a prime number?
True
Is 79481429 a composite number?
False
Is 91955755 a composite number?
True
Is 36929729 a composite number?
True
Is 9775379 a composite number?
False
Is 16248593 composite?
False
Is 5633623 a prime number?
True
Is 3168821 prime?
True
Is 51268099 a composite number?
True
Is 20413 composite?
True
Is 21820913 prime?
False
Is 1105277 a composite number?
True
Is 344145929 a prime number?
False
Is 28787365 composite?
True
Is 129647 composite?
True
Is 396674983 composite?
False
Is 160126321 composite?
True
Is 799597 a composite number?
True
Is 5628379 composite?
False
Is 33899237 a prime number?
True
Is 16234653 composite?
True
Is 130674133 a prime number?
False
Is 636533 composite?
False
Is 159733897 composite?
False
Is 518793853 prime?
True
Is 27755191 composite?
False
Is 41292949 composite?
True
Is 52329 composite?
True
Is 3149123 a composite number?
False
Is 4303967 composite?
True
Is 257824249 prime?
True
Is 5962237 a composite number?
True
Is 479424427 a composite number?
True
Is 19786621 prime?
False
Is 28476043 a composite number?
False
Is 90924377 prime?
True
Is 681589 a composite number?
False
Is 1221061 composite?
False
Is 2650097 prime?
False
Is 86300749 a composite number?
True
Is 16028333 a composite number?
True
Is 4653547 a composite number?
False
Is 5376653 composite?
True
Is 416943041 a prime number?
True
Is 153502883 composite?
True
Is 77784637 a composite number?
True
Is 411564247 a prime number?
True
Is 1934273 a prime number?
False
Is 264234701 prime?
True
Is 263083 composite?
False
Is 19737073 prime?
True
Is 247193 composite?
False
Is 